{"id":1266,"date":"2013-08-05T07:08:31","date_gmt":"2013-08-05T07:08:31","guid":{"rendered":"http:\/\/alexubagooficial.net\/es\/?page_id=1266"},"modified":"2017-03-12T07:00:28","modified_gmt":"2017-03-12T07:00:28","slug":"actividades-fans","status":"publish","type":"page","link":"http:\/\/alexubagooficial.net\/es\/proximas-actividades\/actividades-fans\/","title":{"rendered":"Actividades Fans"},"content":{"rendered":"<div class=\"clear\"><\/div><div class=\"separator\"><\/div><div class=\"clear\"><\/div>\n<div><\/div>\n<div style=\"text-align: center;\"><strong><strong><br \/>\n<\/strong><\/strong><\/p>\n<h5>Concurso a partir de hoy<\/h5>\n<\/div>\n<p style=\"text-align: center;\">No se despeguen de nuestra p\u00e1gina!!!<\/p>\n<p style=\"text-align: center;\">Y de premio tenemos material de colecci\u00f3n de Alex Ubago<\/p>\n<p>\u00a0 \u00a0 <a href=\"http:\/\/alexubagooficial.net\/es\/proximas-actividades\/concurso\/\"><img loading=\"lazy\" decoding=\"async\" class=\"size-full wp-image-1276 aligncenter\" src=\"http:\/\/alexubagooficial.net\/es\/wp-content\/uploads\/2013\/08\/portada.jpg\" alt=\"portada\" width=\"592\" height=\"218\" srcset=\"http:\/\/alexubagooficial.net\/es\/wp-content\/uploads\/2013\/08\/portada.jpg 851w, http:\/\/alexubagooficial.net\/es\/wp-content\/uploads\/2013\/08\/portada-300x111.jpg 300w, http:\/\/alexubagooficial.net\/es\/wp-content\/uploads\/2013\/08\/portada-540x200.jpg 540w, http:\/\/alexubagooficial.net\/es\/wp-content\/uploads\/2013\/08\/portada-620x229.jpg 620w\" sizes=\"auto, (max-width: 592px) 100vw, 592px\" \/>\u00a0 <\/a><\/p>\n<div class=\"clear\"><\/div><div class=\"separator\"><\/div><div class=\"clear\"><\/div>\n<div><\/div>\n<div><strong>Congreso Ubaguero<\/strong><\/div>\n<p>D\u00f3nde: San Sebasti\u00e1n, Espa\u00f1a (Donosti)<br \/>\nCu\u00e1ndo: 2015<\/p>\n<p>Plan: visitar la bella ciudad que vi\u00f3 crecer a Alex Ubago.<br \/>\nParticipantes: Ubagueros de todo el mundo<\/p>\n<p>Organizadoras: Adriana Pardo &amp; Jacqueline Rueda<\/p>\n<p>Nota: Si te interesa el plan empieza a ahorrar. Pr\u00f3ximamente se organizar\u00e1n reuniones con los participantes para acordar la fecha y dem\u00e1s detalles del viaje.<\/p>\n","protected":false},"excerpt":{"rendered":"<p>Concurso a partir de hoy No se despeguen de nuestra p\u00e1gina!!! Y de premio tenemos material de colecci\u00f3n de Alex Ubago \u00a0 \u00a0 \u00a0 Congreso Ubaguero D\u00f3nde: San Sebasti\u00e1n, Espa\u00f1a (Donosti) Cu\u00e1ndo: 2015 Plan: visitar la bella ciudad que vi\u00f3 crecer a Alex Ubago. Participantes: Ubagueros de todo el mundo Organizadoras: Adriana Pardo &amp; Jacqueline&#8230;<\/p>\n<p><a href=\"http:\/\/alexubagooficial.net\/es\/proximas-actividades\/actividades-fans\/\" class=\"dotted \">Read more<\/a><\/p>\n","protected":false},"author":3,"featured_media":0,"parent":48,"menu_order":0,"comment_status":"open","ping_status":"open","template":"","meta":{"footnotes":""},"class_list":["post-1266","page","type-page","status-publish","hentry"],"_links":{"self":[{"href":"http:\/\/alexubagooficial.net\/es\/wp-json\/wp\/v2\/pages\/1266","targetHints":{"allow":["GET"]}}],"collection":[{"href":"http:\/\/alexubagooficial.net\/es\/wp-json\/wp\/v2\/pages"}],"about":[{"href":"http:\/\/alexubagooficial.net\/es\/wp-json\/wp\/v2\/types\/page"}],"author":[{"embeddable":true,"href":"http:\/\/alexubagooficial.net\/es\/wp-json\/wp\/v2\/users\/3"}],"replies":[{"embeddable":true,"href":"http:\/\/alexubagooficial.net\/es\/wp-json\/wp\/v2\/comments?post=1266"}],"version-history":[{"count":16,"href":"http:\/\/alexubagooficial.net\/es\/wp-json\/wp\/v2\/pages\/1266\/revisions"}],"predecessor-version":[{"id":2643,"href":"http:\/\/alexubagooficial.net\/es\/wp-json\/wp\/v2\/pages\/1266\/revisions\/2643"}],"up":[{"embeddable":true,"href":"http:\/\/alexubagooficial.net\/es\/wp-json\/wp\/v2\/pages\/48"}],"wp:attachment":[{"href":"http:\/\/alexubagooficial.net\/es\/wp-json\/wp\/v2\/media?parent=1266"}],"curies":[{"name":"wp","href":"https:\/\/api.w.org\/{rel}","templated":true}]}}

<div class="clear"></div><div class="separator"></div><div class="clear"></div>
<div></div>
<div style="text-align: center;"><strong><strong><br />
</strong></strong></p>
<h5>Concurso a partir de hoy</h5>
</div>
<p style="text-align: center;">No se despeguen de nuestra página!!!</p>
<p style="text-align: center;">Y de premio tenemos material de colección de Alex Ubago</p>
<p>    <a href="http://alexubagooficial.net/es/proximas-actividades/concurso/"><img loading="lazy" decoding="async" class="size-full wp-image-1276 aligncenter" src="http://alexubagooficial.net/es/wp-content/uploads/2013/08/portada.jpg" alt="portada" width="592" height="218" srcset="http://alexubagooficial.net/es/wp-content/uploads/2013/08/portada.jpg 851w, http://alexubagooficial.net/es/wp-content/uploads/2013/08/portada-300x111.jpg 300w, http://alexubagooficial.net/es/wp-content/uploads/2013/08/portada-540x200.jpg 540w, http://alexubagooficial.net/es/wp-content/uploads/2013/08/portada-620x229.jpg 620w" sizes="auto, (max-width: 592px) 100vw, 592px" />  </a></p>
<div class="clear"></div><div class="separator"></div><div class="clear"></div>
<div></div>
<div><strong>Congreso Ubaguero</strong></div>
<p>Dónde: San Sebastián, España (Donosti)<br />
Cuándo: 2015</p>
<p>Plan: visitar la bella ciudad que vió crecer a Alex Ubago.<br />
Participantes: Ubagueros de todo el mundo</p>
<p>Organizadoras: Adriana Pardo &amp; Jacqueline Rueda</p>
<p>Nota: Si te interesa el plan empieza a ahorrar. Próximamente se organizarán reuniones con los participantes para acordar la fecha y demás detalles del viaje.</p>

<p>Concurso a partir de hoy No se despeguen de nuestra página!!! Y de premio tenemos material de colección de Alex Ubago       Congreso Ubaguero Dónde: San Sebastián, España (Donosti) Cuándo: 2015 Plan: visitar la bella ciudad que vió crecer a Alex Ubago. Participantes: Ubagueros de todo el mundo Organizadoras: Adriana Pardo &amp; Jacqueline&#8230;</p>
<p><a href="http://alexubagooficial.net/es/proximas-actividades/actividades-fans/" class="dotted ">Read more</a></p>
